{"id":464,"date":"2020-02-26T04:37:51","date_gmt":"2020-02-26T04:37:51","guid":{"rendered":"https:\/\/www.itzinya.org\/itzinya\/incubators\/"},"modified":"2020-05-11T03:55:44","modified_gmt":"2020-05-11T03:55:44","slug":"incubators","status":"publish","type":"page","link":"https:\/\/www.itzinya.com\/swe\/incubators\/","title":{"rendered":"INKUBATORER"},"content":{"rendered":"\n<blockquote class=\"wp-block-quote is-layout-flow wp-block-quote-is-layout-flow\"><p>GrowthWheel f\u00f6r inkubatorer \u2014 F\u00f6r att kunna ge dina klienter jordn\u00e4ra hj\u00e4lp, m\u00e5ste du arbeta i molnet! <\/p><\/blockquote>\n\n\n\n<p style=\"font-size:24px\"><strong><em>GrowthWheels verktygsl\u00e5da och molnbaserade platform st\u00f6djer hela arbetsfl\u00f6det med dina kunder, fr\u00e5n onboarding till examen och allt d\u00e4r emellan.<\/em><\/strong><\/p>\n\n\n\n<p>GrowthWheel \u00e4r en onlineplattform f\u00f6r s\u00e5v\u00e4l inkubatorr\u00e5dgivaren som entrepren\u00f6ren i inkubatorn. <\/p>\n\n\n\n<p>F\u00f6r r\u00e5dgivaren \u00e4r det en plattform f\u00f6r att kunna dela verktyg, b\u00e5de GrowthWheels och sina egna, att hantera kundrelationerna och produktiviteten samt att producera analyser och rapporter till intressenter f\u00f6r att visa b\u00e5de resultat och inverkan. <\/p>\n\n\n\n<p>F\u00f6r entrepren\u00f6rerna \u00e4r det en onlineplattform som hj\u00e4lper dem f\u00e5 ett 360\u00b0-perspektiv p\u00e5 sin verksamhet f\u00f6r att kunna ta beslut och g\u00f6ra \u00e5tg\u00e4rder i samarbete med sin inkubatorr\u00e5dgivare. <\/p>\n\n\n\n<p> Ladda ner GrowthWheels inkubatorbroschyr <\/p>\n\n\n\n<a href=\"https:\/\/www.itzinya.com\/wp-content\/uploads\/sites\/13\/2020\/03\/brosura.pdf\" class=\"su-button su-button-style-default cus-btn\" style=\"color:#FFFFFF;background-color:#4CAF50;border-color:#3d8c40;border-radius:5px\" target=\"__blank\"><span style=\"color:#FFFFFF;padding:0px 16px;font-size:13px;line-height:26px;border-color:#82c785;border-radius:5px;text-shadow:none\"> Ladda ner<\/span><\/a>\n\n\n\n<p> Och v\u00e4rdeerbjudandet\u2026? <\/p>\n\n\n\n<p>H\u00e4r \u00e4r 5 s\u00e4tt d\u00e4r GrowthWheels aff\u00e4rsr\u00e5dgivningssystem hj\u00e4lper dig hj\u00e4lpa dina kunder:<\/p>\n\n\n<section id='block_5e591522b2893' class='page-section seadev-block  seadev-default seadev-default-text-image' style=''>    \t        <div class=\"row section-inner align-items-center layout-col-5-7\">\n                            <div class=\"col-lg-5\">\n                    <div class=\"image-holder\">\n                        <img decoding=\"async\" src=\"https:\/\/www.itzinya.com\/wp-content\/uploads\/sites\/13\/2020\/05\/incub1.jpg\" alt=\"incub1\">\n                    <\/div>\n                <\/div>\n                \n                                <div class=\"col-lg-7\">\n                    <div class=\"text-holder\">\n                                                    <h3 class=\"text-title\">1. Onboardingprocess<\/h3>\n                        \n                                                    <div class=\"text-description\"><p><strong>Inkubatorns uppdrag:<\/strong><br \/>\nF\u00f6r alla inkubatorer eller r\u00e5dgivningsprocesser s\u00e5 ligger en nyckel till framg\u00e5ng i att man attraherar och v\u00e4ljer r\u00e4tt f\u00f6retag eller entrepren\u00f6rer att ta ombord.<\/p>\n<p><strong>GrowthWheels v\u00e4rde:<\/strong><br \/>\nGrowthWheel har verktyg f\u00f6r att v\u00e4lja ut vem som inte h\u00f6r hemma i programmet och verktyg f\u00f6r att attrahera dem som g\u00f6r det.<\/p>\n<\/div>\n                                            <\/div>\n                <\/div>\n                        <\/div>\n\n\t        <div class=\"row section-inner align-items-center layout-col-5-7\">\n                            <div class=\"col-lg-5\">\n                    <div class=\"image-holder\">\n                        <img decoding=\"async\" src=\"https:\/\/www.itzinya.com\/wp-content\/uploads\/sites\/13\/2020\/05\/incub2.jpg\" alt=\"incub2\">\n                    <\/div>\n                <\/div>\n                \n                                <div class=\"col-lg-7\">\n                    <div class=\"text-holder\">\n                                                    <h3 class=\"text-title\">2. Skattning<\/h3>\n                        \n                                                    <div class=\"text-description\"><p><strong>Inkubatorns uppdrag:<\/strong><br \/>\nUppdraget med varje klient b\u00f6rjar med att man g\u00f6r en skattning av behov och m\u00f6jligheter f\u00f6r att bed\u00f6ma omfattningen av arbetet.<\/p>\n<p><strong>GrowthWheels v\u00e4rde:<\/strong><br \/>\nGrowthWheel har verktyg f\u00f6r att g\u00f6ra olika 360\u00b0-skattningar och beredskapsskattningar som kan anv\u00e4ndas av b\u00e5de klienter och r\u00e5dgivare.<\/p>\n<\/div>\n                                            <\/div>\n                <\/div>\n                        <\/div>\n\n\t        <div class=\"row section-inner align-items-center layout-col-5-7\">\n                            <div class=\"col-lg-5\">\n                    <div class=\"image-holder\">\n                        <img decoding=\"async\" src=\"https:\/\/www.itzinya.com\/wp-content\/uploads\/sites\/13\/2020\/05\/incub3.jpg\" alt=\"incub3\">\n                    <\/div>\n                <\/div>\n                \n                                <div class=\"col-lg-7\">\n                    <div class=\"text-holder\">\n                                                    <h3 class=\"text-title\">3. Anpassad verktygsl\u00e5da<\/h3>\n                        \n                                                    <div class=\"text-description\"><p><strong>Inkubatorns uppdrag:<\/strong><br \/>\nAlla f\u00f6retag har sina individuella behov beroende p\u00e5 livsstadie, industri, storlek eller beroende p\u00e5 entrepren\u00f6rens personlighet.<\/p>\n<p><strong>GrowthWheels v\u00e4rde:<\/strong><br \/>\nGrowthWheel har fler \u00e4n 100 verktyg som kan blandas med r\u00e5dgivarens egna verktyg f\u00f6r att ge varje klient ett anpassat paket. Dessutom 20 \u201cBeslutsblad\u201d f\u00f6r hantering av inkubatorer.<\/p>\n<\/div>\n                                            <\/div>\n                <\/div>\n                        <\/div>\n\n\t        <div class=\"row section-inner align-items-center layout-col-5-7\">\n                            <div class=\"col-lg-5\">\n                    <div class=\"image-holder\">\n                        <img decoding=\"async\" src=\"https:\/\/www.itzinya.com\/wp-content\/uploads\/sites\/13\/2020\/05\/incub4.jpg\" alt=\"incub4\">\n                    <\/div>\n                <\/div>\n                \n                                <div class=\"col-lg-7\">\n                    <div class=\"text-holder\">\n                                                    <h3 class=\"text-title\">4. Kundhantering<\/h3>\n                        \n                                                    <div class=\"text-description\"><p><strong>Inkubatorns uppdrag:<\/strong><br \/>\nF\u00f6r aff\u00e4rsr\u00e5dgivare som arbetar med m\u00e5nga klienter finns det behov av att kunna f\u00f6lja utvecklingen och kommunikationen.<\/p>\n<p><strong>GrowthWheels v\u00e4rde:<\/strong><br \/>\nGrowthWheels aff\u00e4rsr\u00e5dgivningssystem inkluderar ett CRM-system byggt specifikt f\u00f6r aff\u00e4rsr\u00e5\u00e5dgivare och deras klienter.<\/p>\n<\/div>\n                                            <\/div>\n                <\/div>\n                        <\/div>\n\n\t        <div class=\"row section-inner align-items-center layout-col-5-7\">\n                            <div class=\"col-lg-5\">\n                    <div class=\"image-holder\">\n                        <img decoding=\"async\" src=\"https:\/\/www.itzinya.com\/wp-content\/uploads\/sites\/13\/2020\/05\/incub5.jpg\" alt=\"incub5\">\n                    <\/div>\n                <\/div>\n                \n                                <div class=\"col-lg-7\">\n                    <div class=\"text-holder\">\n                                                    <h3 class=\"text-title\">5 Rapport och analys<\/h3>\n                        \n                                                    <div class=\"text-description\"><p><strong>Inkubatorns uppdrag:<\/strong><br \/>\nProgram, sponsorer, chefer och r\u00e5dgivare m\u00e5ste sj\u00e4lva h\u00e5lla reda p\u00e5 b\u00e5de sina klienters och sin egen prestanda.<\/p>\n<p><strong>GrowthWheels v\u00e4rde:<\/strong><br \/>\nDen molnbaserade GrowthWheel-plattformen har inbyggda visuella analyser f\u00f6r varje enskild klient och aggregerade analyser f\u00f6r alla klienter i ett n\u00e4tverk.<\/p>\n<\/div>\n                                            <\/div>\n                <\/div>\n                        <\/div>\n\n\t\n<\/section>\n\n\n<blockquote class=\"wp-block-quote is-layout-flow wp-block-quote-is-layout-flow\"><p>F\u00e5 33 beslutsblad gratis f\u00f6r att hj\u00e4lpa dig ta r\u00e4tt beslut f\u00f6r din inkubator. <\/p><\/blockquote>\n\n\n\n<p>Anm\u00e4l dig f\u00f6r att f\u00e5 en gratis kopia av \u201cGrowthWheel for Entrepreneurship Center Management\u201d med ett 30 min. introduktionswebinar<\/p>\n\n\n\n<div class=\"wp-block-columns mb-0 is-layout-flex wp-container-core-columns-is-layout-9d6595d7 wp-block-columns-is-layout-flex\">\n<div class=\"wp-block-column is-layout-flow wp-block-column-is-layout-flow\">\n<figure class=\"wp-block-image size-large cus-img-caption\"><img decoding=\"async\" width=\"300\" height=\"235\" src=\"https:\/\/www.itzinya.com\/wp-content\/uploads\/sites\/13\/2020\/04\/incub10.jpg\" alt=\"incub10\" class=\"wp-image-556\"\/><\/figure>\n<\/div>\n\n\n\n<div class=\"wp-block-column is-layout-flow wp-block-column-is-layout-flow\">\n<figure class=\"wp-block-image size-large cus-img-caption\"><img decoding=\"async\" width=\"300\" height=\"235\" src=\"https:\/\/www.itzinya.com\/wp-content\/uploads\/sites\/13\/2020\/05\/incub11.jpg\" alt=\"incubators 11\" class=\"wp-image-803\"\/><\/figure>\n<\/div>\n\n\n\n<div class=\"wp-block-column is-layout-flow wp-block-column-is-layout-flow\">\n<figure class=\"wp-block-image size-large cus-img-caption\"><img decoding=\"async\" width=\"300\" height=\"235\" src=\"https:\/\/www.itzinya.com\/wp-content\/uploads\/sites\/13\/2020\/05\/incub12.jpg\" alt=\"incubators 12\" class=\"wp-image-805\"\/><\/figure>\n<\/div>\n<\/div>\n\n\n\n<a href=\"https:\/\/www.growthwheel.com\/ecmanagementtool\" class=\"su-button su-button-style-default cus-btn\" style=\"color:#FFFFFF;background-color:#4CAF50;border-color:#3d8c40;border-radius:5px\" target=\"__blank\"><span style=\"color:#FFFFFF;padding:0px 16px;font-size:13px;line-height:26px;border-color:#82c785;border-radius:5px;text-shadow:none\"> Gratis GrowthWheel-verktyg<\/span><\/a>\n\n\n\n<p><\/p>\n\n\n\n<blockquote class=\"wp-block-quote mb-3 is-layout-flow wp-block-quote-is-layout-flow\"><p>R\u00f6ster fr\u00e5n GrowthWheel-certifierade inkubatorer \u2014Vad s\u00e4ger era kollegor om GrowthWheel? <\/p><\/blockquote>\n\n\n\n<figure class=\"wp-block-image size-large full-img\"><img decoding=\"async\" width=\"700\" height=\"511\" src=\"https:\/\/www.itzinya.com\/wp-content\/uploads\/sites\/13\/2020\/05\/Incubators-testimonial-SWE-1.jpg\" alt=\"Incubators testimonial SWE 1\" class=\"wp-image-810\" srcset=\"https:\/\/www.itzinya.com\/wp-content\/uploads\/sites\/13\/2020\/05\/Incubators-testimonial-SWE-1.jpg 700w, https:\/\/www.itzinya.com\/wp-content\/uploads\/sites\/13\/2020\/05\/Incubators-testimonial-SWE-1-300x219.jpg 300w\" sizes=\"(max-width: 700px) 100vw, 700px\" \/><\/figure>\n\n\n\n<figure class=\"wp-block-image size-large full-img\"><img decoding=\"async\" width=\"700\" height=\"525\" src=\"https:\/\/www.itzinya.com\/wp-content\/uploads\/sites\/13\/2020\/05\/Incubators-testimonial-SWE-2.jpg\" alt=\"Incubators testimonial SWE 2\" class=\"wp-image-812\" srcset=\"https:\/\/www.itzinya.com\/wp-content\/uploads\/sites\/13\/2020\/05\/Incubators-testimonial-SWE-2.jpg 700w, https:\/\/www.itzinya.com\/wp-content\/uploads\/sites\/13\/2020\/05\/Incubators-testimonial-SWE-2-300x225.jpg 300w\" sizes=\"(max-width: 700px) 100vw, 700px\" \/><\/figure>\n\n\n\n<figure class=\"wp-block-image size-large full-img\"><img decoding=\"async\" width=\"698\" height=\"524\" src=\"https:\/\/www.itzinya.com\/wp-content\/uploads\/sites\/13\/2020\/05\/Incubators-testimonial-SWE-3.jpg\" alt=\"Incubators testimonial SWE 3\" class=\"wp-image-814\" srcset=\"https:\/\/www.itzinya.com\/wp-content\/uploads\/sites\/13\/2020\/05\/Incubators-testimonial-SWE-3.jpg 698w, https:\/\/www.itzinya.com\/wp-content\/uploads\/sites\/13\/2020\/05\/Incubators-testimonial-SWE-3-300x225.jpg 300w\" sizes=\"(max-width: 698px) 100vw, 698px\" \/><\/figure>\n\n\n\n<figure class=\"wp-block-image size-large full-img\"><img decoding=\"async\" width=\"699\" height=\"524\" src=\"https:\/\/www.itzinya.com\/wp-content\/uploads\/sites\/13\/2020\/05\/Incubators-testimonial-SWE-4.jpg\" alt=\"Incubators testimonial SWE 4\" class=\"wp-image-816\" srcset=\"https:\/\/www.itzinya.com\/wp-content\/uploads\/sites\/13\/2020\/05\/Incubators-testimonial-SWE-4.jpg 699w, https:\/\/www.itzinya.com\/wp-content\/uploads\/sites\/13\/2020\/05\/Incubators-testimonial-SWE-4-300x225.jpg 300w\" sizes=\"(max-width: 699px) 100vw, 699px\" \/><\/figure>\n\n\n\n<p><\/p>\n","protected":false},"excerpt":{"rendered":"<p>GrowthWheel f\u00f6r inkubatorer \u2014 F\u00f6r att kunna ge dina klienter jordn\u00e4ra hj\u00e4lp, m\u00e5ste du arbeta i molnet! GrowthWheels verktygsl\u00e5da och molnbaserade platform st\u00f6djer hela arbetsfl\u00f6det med dina kunder, fr\u00e5n onboarding till examen och allt d\u00e4r emellan. GrowthWheel \u00e4r en onlineplattform f\u00f6r s\u00e5v\u00e4l inkubatorr\u00e5dgivaren som entrepren\u00f6ren i inkubatorn. F\u00f6r r\u00e5dgivaren \u00e4r det en plattform f\u00f6r att [&#8230;]<\/p>\n<p><a class=\"btn btn-secondary seadev-read-more-link\" href=\"https:\/\/www.itzinya.com\/swe\/incubators\/\">Read More&#8230;<\/a><\/p>\n","protected":false},"author":1,"featured_media":665,"parent":0,"menu_order":0,"comment_status":"closed","ping_status":"closed","template":"","meta":{"_acf_changed":false,"inline_featured_image":false,"footnotes":""},"class_list":["post-464","page","type-page","status-publish","has-post-thumbnail","hentry"],"acf":[],"yoast_head":"<!-- This site is optimized with the Yoast SEO plugin v25.9 - https:\/\/yoast.com\/wordpress\/plugins\/seo\/ -->\n<title>INKUBATORER - Itzinya.com<\/title>\n<meta name=\"robots\" content=\"index, follow, max-snippet:-1, max-image-preview:large, max-video-preview:-1\" \/>\n<link rel=\"canonical\" href=\"https:\/\/www.itzinya.com\/swe\/incubators\/\" \/>\n<meta property=\"og:locale\" content=\"en_US\" \/>\n<meta property=\"og:type\" content=\"article\" \/>\n<meta property=\"og:title\" content=\"INKUBATORER - Itzinya.com\" \/>\n<meta property=\"og:description\" content=\"GrowthWheel f\u00f6r inkubatorer \u2014 F\u00f6r att kunna ge dina klienter jordn\u00e4ra hj\u00e4lp, m\u00e5ste du arbeta i molnet! GrowthWheels verktygsl\u00e5da och molnbaserade platform st\u00f6djer hela arbetsfl\u00f6det med dina kunder, fr\u00e5n onboarding till examen och allt d\u00e4r emellan. GrowthWheel \u00e4r en onlineplattform f\u00f6r s\u00e5v\u00e4l inkubatorr\u00e5dgivaren som entrepren\u00f6ren i inkubatorn. F\u00f6r r\u00e5dgivaren \u00e4r det en plattform f\u00f6r att [...]Read More...\" \/>\n<meta property=\"og:url\" content=\"https:\/\/www.itzinya.com\/swe\/incubators\/\" \/>\n<meta property=\"og:site_name\" content=\"Itzinya.com\" \/>\n<meta property=\"article:modified_time\" content=\"2020-05-11T03:55:44+00:00\" \/>\n<meta property=\"og:image\" content=\"https:\/\/www.itzinya.com\/wp-content\/uploads\/sites\/13\/2020\/04\/iStock-874099216-1.jpg\" \/>\n\t<meta property=\"og:image:width\" content=\"1621\" \/>\n\t<meta property=\"og:image:height\" content=\"1080\" \/>\n\t<meta property=\"og:image:type\" content=\"image\/jpeg\" \/>\n<meta name=\"twitter:card\" content=\"summary_large_image\" \/>\n<meta name=\"twitter:label1\" content=\"Est. reading time\" \/>\n\t<meta name=\"twitter:data1\" content=\"1 minute\" \/>\n<script type=\"application\/ld+json\" class=\"yoast-schema-graph\">{\"@context\":\"https:\/\/schema.org\",\"@graph\":[{\"@type\":\"WebPage\",\"@id\":\"https:\/\/www.itzinya.com\/swe\/incubators\/\",\"url\":\"https:\/\/www.itzinya.com\/swe\/incubators\/\",\"name\":\"INKUBATORER - Itzinya.com\",\"isPartOf\":{\"@id\":\"https:\/\/www.itzinya.com\/#website\"},\"primaryImageOfPage\":{\"@id\":\"https:\/\/www.itzinya.com\/swe\/incubators\/#primaryimage\"},\"image\":{\"@id\":\"https:\/\/www.itzinya.com\/swe\/incubators\/#primaryimage\"},\"thumbnailUrl\":\"https:\/\/www.itzinya.com\/wp-content\/uploads\/sites\/13\/2020\/04\/iStock-874099216-1.jpg\",\"datePublished\":\"2020-02-26T04:37:51+00:00\",\"dateModified\":\"2020-05-11T03:55:44+00:00\",\"breadcrumb\":{\"@id\":\"https:\/\/www.itzinya.com\/swe\/incubators\/#breadcrumb\"},\"inLanguage\":\"swe-SE\",\"potentialAction\":[{\"@type\":\"ReadAction\",\"target\":[\"https:\/\/www.itzinya.com\/swe\/incubators\/\"]}]},{\"@type\":\"ImageObject\",\"inLanguage\":\"swe-SE\",\"@id\":\"https:\/\/www.itzinya.com\/swe\/incubators\/#primaryimage\",\"url\":\"https:\/\/www.itzinya.com\/wp-content\/uploads\/sites\/13\/2020\/04\/iStock-874099216-1.jpg\",\"contentUrl\":\"https:\/\/www.itzinya.com\/wp-content\/uploads\/sites\/13\/2020\/04\/iStock-874099216-1.jpg\",\"width\":1621,\"height\":1080},{\"@type\":\"BreadcrumbList\",\"@id\":\"https:\/\/www.itzinya.com\/swe\/incubators\/#breadcrumb\",\"itemListElement\":[{\"@type\":\"ListItem\",\"position\":1,\"name\":\"Home\",\"item\":\"https:\/\/www.itzinya.com\/swe\/\"},{\"@type\":\"ListItem\",\"position\":2,\"name\":\"INKUBATORER\"}]},{\"@type\":\"WebSite\",\"@id\":\"https:\/\/www.itzinya.com\/#website\",\"url\":\"https:\/\/www.itzinya.com\/\",\"name\":\"Itzinya.com\",\"description\":\"StartUp Entrepreneurs\",\"publisher\":{\"@id\":\"https:\/\/www.itzinya.com\/#organization\"},\"potentialAction\":[{\"@type\":\"SearchAction\",\"target\":{\"@type\":\"EntryPoint\",\"urlTemplate\":\"https:\/\/www.itzinya.com\/?s={search_term_string}\"},\"query-input\":{\"@type\":\"PropertyValueSpecification\",\"valueRequired\":true,\"valueName\":\"search_term_string\"}}],\"inLanguage\":\"swe-SE\"},{\"@type\":\"Organization\",\"@id\":\"https:\/\/www.itzinya.com\/#organization\",\"name\":\"Itzinya.com\",\"url\":\"https:\/\/www.itzinya.com\/\",\"logo\":{\"@type\":\"ImageObject\",\"inLanguage\":\"swe-SE\",\"@id\":\"https:\/\/www.itzinya.com\/#\/schema\/logo\/image\/\",\"url\":\"https:\/\/www.itzinya.com\/wp-content\/uploads\/sites\/13\/2020\/05\/itzinya-logo-responsive-1.svg\",\"contentUrl\":\"https:\/\/www.itzinya.com\/wp-content\/uploads\/sites\/13\/2020\/05\/itzinya-logo-responsive-1.svg\",\"width\":313,\"height\":443,\"caption\":\"Itzinya.com\"},\"image\":{\"@id\":\"https:\/\/www.itzinya.com\/#\/schema\/logo\/image\/\"}}]}<\/script>\n<!-- \/ Yoast SEO plugin. -->","yoast_head_json":{"title":"INKUBATORER - Itzinya.com","robots":{"index":"index","follow":"follow","max-snippet":"max-snippet:-1","max-image-preview":"max-image-preview:large","max-video-preview":"max-video-preview:-1"},"canonical":"https:\/\/www.itzinya.com\/swe\/incubators\/","og_locale":"en_US","og_type":"article","og_title":"INKUBATORER - Itzinya.com","og_description":"GrowthWheel f\u00f6r inkubatorer \u2014 F\u00f6r att kunna ge dina klienter jordn\u00e4ra hj\u00e4lp, m\u00e5ste du arbeta i molnet! GrowthWheels verktygsl\u00e5da och molnbaserade platform st\u00f6djer hela arbetsfl\u00f6det med dina kunder, fr\u00e5n onboarding till examen och allt d\u00e4r emellan. GrowthWheel \u00e4r en onlineplattform f\u00f6r s\u00e5v\u00e4l inkubatorr\u00e5dgivaren som entrepren\u00f6ren i inkubatorn. F\u00f6r r\u00e5dgivaren \u00e4r det en plattform f\u00f6r att [...]Read More...","og_url":"https:\/\/www.itzinya.com\/swe\/incubators\/","og_site_name":"Itzinya.com","article_modified_time":"2020-05-11T03:55:44+00:00","og_image":[{"width":1621,"height":1080,"url":"https:\/\/www.itzinya.com\/wp-content\/uploads\/sites\/13\/2020\/04\/iStock-874099216-1.jpg","type":"image\/jpeg"}],"twitter_card":"summary_large_image","twitter_misc":{"Est. reading time":"1 minute"},"schema":{"@context":"https:\/\/schema.org","@graph":[{"@type":"WebPage","@id":"https:\/\/www.itzinya.com\/swe\/incubators\/","url":"https:\/\/www.itzinya.com\/swe\/incubators\/","name":"INKUBATORER - Itzinya.com","isPartOf":{"@id":"https:\/\/www.itzinya.com\/#website"},"primaryImageOfPage":{"@id":"https:\/\/www.itzinya.com\/swe\/incubators\/#primaryimage"},"image":{"@id":"https:\/\/www.itzinya.com\/swe\/incubators\/#primaryimage"},"thumbnailUrl":"https:\/\/www.itzinya.com\/wp-content\/uploads\/sites\/13\/2020\/04\/iStock-874099216-1.jpg","datePublished":"2020-02-26T04:37:51+00:00","dateModified":"2020-05-11T03:55:44+00:00","breadcrumb":{"@id":"https:\/\/www.itzinya.com\/swe\/incubators\/#breadcrumb"},"inLanguage":"swe-SE","potentialAction":[{"@type":"ReadAction","target":["https:\/\/www.itzinya.com\/swe\/incubators\/"]}]},{"@type":"ImageObject","inLanguage":"swe-SE","@id":"https:\/\/www.itzinya.com\/swe\/incubators\/#primaryimage","url":"https:\/\/www.itzinya.com\/wp-content\/uploads\/sites\/13\/2020\/04\/iStock-874099216-1.jpg","contentUrl":"https:\/\/www.itzinya.com\/wp-content\/uploads\/sites\/13\/2020\/04\/iStock-874099216-1.jpg","width":1621,"height":1080},{"@type":"BreadcrumbList","@id":"https:\/\/www.itzinya.com\/swe\/incubators\/#breadcrumb","itemListElement":[{"@type":"ListItem","position":1,"name":"Home","item":"https:\/\/www.itzinya.com\/swe\/"},{"@type":"ListItem","position":2,"name":"INKUBATORER"}]},{"@type":"WebSite","@id":"https:\/\/www.itzinya.com\/#website","url":"https:\/\/www.itzinya.com\/","name":"Itzinya.com","description":"StartUp Entrepreneurs","publisher":{"@id":"https:\/\/www.itzinya.com\/#organization"},"potentialAction":[{"@type":"SearchAction","target":{"@type":"EntryPoint","urlTemplate":"https:\/\/www.itzinya.com\/?s={search_term_string}"},"query-input":{"@type":"PropertyValueSpecification","valueRequired":true,"valueName":"search_term_string"}}],"inLanguage":"swe-SE"},{"@type":"Organization","@id":"https:\/\/www.itzinya.com\/#organization","name":"Itzinya.com","url":"https:\/\/www.itzinya.com\/","logo":{"@type":"ImageObject","inLanguage":"swe-SE","@id":"https:\/\/www.itzinya.com\/#\/schema\/logo\/image\/","url":"https:\/\/www.itzinya.com\/wp-content\/uploads\/sites\/13\/2020\/05\/itzinya-logo-responsive-1.svg","contentUrl":"https:\/\/www.itzinya.com\/wp-content\/uploads\/sites\/13\/2020\/05\/itzinya-logo-responsive-1.svg","width":313,"height":443,"caption":"Itzinya.com"},"image":{"@id":"https:\/\/www.itzinya.com\/#\/schema\/logo\/image\/"}}]}},"_links":{"self":[{"href":"https:\/\/www.itzinya.com\/swe\/wp-json\/wp\/v2\/pages\/464","targetHints":{"allow":["GET"]}}],"collection":[{"href":"https:\/\/www.itzinya.com\/swe\/wp-json\/wp\/v2\/pages"}],"about":[{"href":"https:\/\/www.itzinya.com\/swe\/wp-json\/wp\/v2\/types\/page"}],"author":[{"embeddable":true,"href":"https:\/\/www.itzinya.com\/swe\/wp-json\/wp\/v2\/users\/1"}],"replies":[{"embeddable":true,"href":"https:\/\/www.itzinya.com\/swe\/wp-json\/wp\/v2\/comments?post=464"}],"version-history":[{"count":19,"href":"https:\/\/www.itzinya.com\/swe\/wp-json\/wp\/v2\/pages\/464\/revisions"}],"predecessor-version":[{"id":819,"href":"https:\/\/www.itzinya.com\/swe\/wp-json\/wp\/v2\/pages\/464\/revisions\/819"}],"wp:featuredmedia":[{"embeddable":true,"href":"https:\/\/www.itzinya.com\/swe\/wp-json\/wp\/v2\/media\/665"}],"wp:attachment":[{"href":"https:\/\/www.itzinya.com\/swe\/wp-json\/wp\/v2\/media?parent=464"}],"curies":[{"name":"wp","href":"https:\/\/api.w.org\/{rel}","templated":true}]}}